{"id":665,"date":"2019-12-01T17:52:00","date_gmt":"2019-12-01T17:52:00","guid":{"rendered":"http:\/\/wilfried-staake.de\/?page_id=665"},"modified":"2021-04-06T16:13:37","modified_gmt":"2021-04-06T16:13:37","slug":"beratung","status":"publish","type":"page","link":"https:\/\/wilfried-staake.de\/?page_id=665","title":{"rendered":"Beratung"},"content":{"rendered":"\n<p>Als ausgebildeter Corporate-Identity-Berater der CI Akademie Braunschweig und Organisations-Entwickler berate ich Sie gern. <\/p>\n\n\n\n<p>M\u00f6chten Sie Ihre <strong>Marktposition<\/strong> oder Ihr <strong>Image verbessern<\/strong>? <br>M\u00f6chten Sie <strong>Betriebsabl\u00e4ufe besser organisieren<\/strong>, oder Ihre <strong>Mitarbeiter-Zufriedenheit steigern?<\/strong><\/p>\n\n\n\n<p>Ich bin Sozialwissenschaftler und bin von einem <strong>Unternehmenserfolg von innen heraus<\/strong> auch bei Ihnen \u00fcberzeugt. Engagierte Mitarbeitende leisten gute Arbeit!<\/p>\n\n\n\n<p>Auch in Sachen <strong>Krisenkommunikation<\/strong> k\u00f6nnen Sie mich buchen. <br>Ich habe 15 Jahre als Pressesprecher in einer sozialen Organisation gearbeitet.<\/p>\n\n\n\n<p>Und schlie\u00dflich bin ich als Fundraiser (FA) mit Spendenprojekten bestens vertraut. Planen Sie etwas Gro\u00dfartiges und ben\u00f6tigen Sie die daf\u00fcr erforderliche Unterst\u00fctzung, dann sprechen Sie mich gern an!<\/p>\n\n\n\n<p>Tel. 04171-64712<\/p>\n\n\n\n<p>Weitere Infos auf meiner neuen Seite: <a href=\"http:\/\/beratung.wilfried-staake.de\">beratung.wilfried-staake.de<\/a><\/p>\n","protected":false},"excerpt":{"rendered":"<p>Als ausgebildeter Corporate-Identity-Berater der CI Akademie Braunschweig und Organisations-Entwickler berate ich Sie gern. M\u00f6chten Sie Ihre Marktposition oder Ihr Image verbessern? M\u00f6chten Sie Betriebsabl\u00e4ufe besser organisieren, oder Ihre Mitarbeiter-Zufriedenheit steigern? Ich bin Sozialwissenschaftler und bin von einem Unternehmenserfolg von innen heraus auch bei Ihnen \u00fcberzeugt. Engagierte Mitarbeitende leisten gute Arbeit! Auch in Sachen Krisenkommunikation k\u00f6nnen &hellip; <\/p>\n<p class=\"link-more\"><a href=\"https:\/\/wilfried-staake.de\/?page_id=665\" class=\"more-link\"><span class=\"screen-reader-text\">\u201eBeratung\u201c<\/span> weiterlesen<\/a><\/p>\n","protected":false},"author":2,"featured_media":0,"parent":0,"menu_order":5,"comment_status":"closed","ping_status":"closed","template":"","meta":{"footnotes":""},"class_list":["post-665","page","type-page","status-publish","hentry"],"_links":{"self":[{"href":"https:\/\/wilfried-staake.de\/index.php?rest_route=\/wp\/v2\/pages\/665","targetHints":{"allow":["GET"]}}],"collection":[{"href":"https:\/\/wilfried-staake.de\/index.php?rest_route=\/wp\/v2\/pages"}],"about":[{"href":"https:\/\/wilfried-staake.de\/index.php?rest_route=\/wp\/v2\/types\/page"}],"author":[{"embeddable":true,"href":"https:\/\/wilfried-staake.de\/index.php?rest_route=\/wp\/v2\/users\/2"}],"replies":[{"embeddable":true,"href":"https:\/\/wilfried-staake.de\/index.php?rest_route=%2Fwp%2Fv2%2Fcomments&post=665"}],"version-history":[{"count":3,"href":"https:\/\/wilfried-staake.de\/index.php?rest_route=\/wp\/v2\/pages\/665\/revisions"}],"predecessor-version":[{"id":701,"href":"https:\/\/wilfried-staake.de\/index.php?rest_route=\/wp\/v2\/pages\/665\/revisions\/701"}],"wp:attachment":[{"href":"https:\/\/wilfried-staake.de\/index.php?rest_route=%2Fwp%2Fv2%2Fmedia&parent=665"}],"curies":[{"name":"wp","href":"https:\/\/api.w.org\/{rel}","templated":true}]}}