{"id":129,"date":"2018-08-22T08:19:03","date_gmt":"2018-08-22T08:19:03","guid":{"rendered":"http:\/\/wilfried-staake.de\/?page_id=129"},"modified":"2019-12-01T18:06:30","modified_gmt":"2019-12-01T18:06:30","slug":"presse","status":"publish","type":"page","link":"https:\/\/wilfried-staake.de\/?page_id=129","title":{"rendered":"Fotos"},"content":{"rendered":"<p>Hier finden Sie Fotos und Texte zum Download f\u00fcr Plakate, Presseberichte und andere Ver\u00f6ffentlichungen. <strong>Die Fotos bitte anklicken, so werden sie gr\u00f6\u00dfer. Dann mit rechter Maustaste abspeichern.<\/strong><\/p>\n<p><a href=\"https:\/\/wilfried-staake.de\/wp-content\/uploads\/2018\/08\/8617.1-e1535227511769.jpg\"><img loading=\"lazy\" decoding=\"async\" class=\"alignleft wp-image-618\" src=\"https:\/\/wilfried-staake.de\/wp-content\/uploads\/2018\/08\/8617.1-e1535227511769.jpg\" alt=\"\" width=\"300\" height=\"450\"><\/a><\/p>\n<p><a href=\"https:\/\/wilfried-staake.de\/wp-content\/uploads\/2017\/10\/8478.1-e1535227246820.jpg\"><img loading=\"lazy\" decoding=\"async\" class=\"alignleft wp-image-613 size-large\" src=\"https:\/\/wilfried-staake.de\/wp-content\/uploads\/2017\/10\/8478.1-1024x683.jpg\" alt=\"\" width=\"525\" height=\"350\"><\/a><\/p>\n<p>&nbsp;<\/p>\n<p><a href=\"https:\/\/wilfried-staake.de\/wp-content\/uploads\/2017\/10\/8457.1-e1535227171221.jpg\"><img loading=\"lazy\" decoding=\"async\" class=\"alignleft wp-image-612\" src=\"https:\/\/wilfried-staake.de\/wp-content\/uploads\/2017\/10\/8457.1-e1535227171221.jpg\" alt=\"\" width=\"300\" height=\"450\"><\/a><\/p>\n<p>&nbsp;<\/p>\n<p><a href=\"https:\/\/wilfried-staake.de\/wp-content\/uploads\/2017\/10\/8443.1-e1535227212458.jpg\"><img loading=\"lazy\" decoding=\"async\" class=\"alignleft wp-image-611\" src=\"https:\/\/wilfried-staake.de\/wp-content\/uploads\/2017\/10\/8443.1-e1535227212458.jpg\" alt=\"\" width=\"300\" height=\"450\"><\/a><\/p>\n<p>&nbsp;<\/p>\n<p><a href=\"https:\/\/wilfried-staake.de\/wp-content\/uploads\/2017\/10\/8508.1-e1535227231434.jpg\"><img loading=\"lazy\" decoding=\"async\" class=\"alignleft wp-image-609\" src=\"https:\/\/wilfried-staake.de\/wp-content\/uploads\/2017\/10\/8508.1-e1535227231434.jpg\" alt=\"\" width=\"300\" height=\"450\"><\/a><\/p>\n<p><br style=\"clear: left;\"><\/p>\n<p>Wilfried Staake<br \/>\nAlle Fotos: Christina Opeldus &#8211; bitte bei Ver\u00f6ffentlichung unbedingt angeben!<\/p>\n<p><a href=\"https:\/\/wilfried-staake.de\/wp-content\/uploads\/2010\/07\/Flyer.pdf\">Flyer Wilfried Staake<\/a> Hier steht alles Wissenswerte drin!<\/p>\n","protected":false},"excerpt":{"rendered":"<p>Hier finden Sie Fotos und Texte zum Download f\u00fcr Plakate, Presseberichte und andere Ver\u00f6ffentlichungen. Die Fotos bitte anklicken, so werden sie gr\u00f6\u00dfer. Dann mit rechter Maustaste abspeichern. &nbsp; &nbsp; &nbsp; Wilfried Staake Alle Fotos: Christina Opeldus &#8211; bitte bei Ver\u00f6ffentlichung unbedingt angeben! Flyer Wilfried Staake Hier steht alles Wissenswerte drin!<\/p>\n","protected":false},"author":2,"featured_media":0,"parent":0,"menu_order":55,"comment_status":"closed","ping_status":"closed","template":"","meta":{"footnotes":""},"class_list":["post-129","page","type-page","status-publish","hentry"],"_links":{"self":[{"href":"https:\/\/wilfried-staake.de\/index.php?rest_route=\/wp\/v2\/pages\/129","targetHints":{"allow":["GET"]}}],"collection":[{"href":"https:\/\/wilfried-staake.de\/index.php?rest_route=\/wp\/v2\/pages"}],"about":[{"href":"https:\/\/wilfried-staake.de\/index.php?rest_route=\/wp\/v2\/types\/page"}],"author":[{"embeddable":true,"href":"https:\/\/wilfried-staake.de\/index.php?rest_route=\/wp\/v2\/users\/2"}],"replies":[{"embeddable":true,"href":"https:\/\/wilfried-staake.de\/index.php?rest_route=%2Fwp%2Fv2%2Fcomments&post=129"}],"version-history":[{"count":18,"href":"https:\/\/wilfried-staake.de\/index.php?rest_route=\/wp\/v2\/pages\/129\/revisions"}],"predecessor-version":[{"id":674,"href":"https:\/\/wilfried-staake.de\/index.php?rest_route=\/wp\/v2\/pages\/129\/revisions\/674"}],"wp:attachment":[{"href":"https:\/\/wilfried-staake.de\/index.php?rest_route=%2Fwp%2Fv2%2Fmedia&parent=129"}],"curies":[{"name":"wp","href":"https:\/\/api.w.org\/{rel}","templated":true}]}}